)?
2
Let x(f) = f**3 + 5*f**2 - 19*f + 8. What is the tens digit of x(-6)?
8
Suppose -4*h - h = -g - 74, -4*h - 3*g = -44. Let c = -7 + h. What is the units digit of c?
7
Suppose -3*h = 3*s + 12, 0 = 4*h - 0*s - 4*s + 24. What is the tens digit of ((-27)/h)/((-2)/(-10))?
2
Let m(j) = -j**3 - 9*j**2 - j - 7. Let n be m(-9). Suppose -x - g + 7 = -n*g, 5*g = x - 15. What is the units digit of x?
5
Let s = -4 + 4. Suppose s*r = -2*r + 4. What is the units digit of r?
2
Let s(z) = 2*z. Let y be s(3). Suppose -3*u + 30 = -3*t, y = 5*t - 9. What is the units digit of u?
3
Let h(x) = 11*x + 5. What is the tens digit of h(4)?
4
Suppose 0 = 5*r - 2*a - 309, -3*r + 5*r = 3*a + 117. Suppose 0 = -0*d + 3*d - r. Suppose 5*u - d = 2*u. What is the units digit of u?
7
Let k(t) = t**2 + 3*t - 14. What is the tens digit of k(6)?
4
Let n(w) = w - 5. Let k be n(0). Let h(q) = -5*q - 3*q + 0*q + 6 + 9*q. What is the units digit of h(k)?
1
What is the units digit of ((-12)/(-2))/(-12 - -14)?
3
Suppose 0 = 5*s - 0*s + 10. Let k = -31 + 25. What is the units digit of s + (-3)/(k/14)?
5
Let j = 6 - 8. Let x(a) = a**3 + 2*a**2 + a + 2. Let k be x(j). Suppose -d - 2*d = -3*m + 15, k = -3*d + 15. What is the units digit of m?
0
Let i = 111 - -46. What is the units digit of i?
7
Let g = -7 + 21. Let b(a) = -a**3 + 14*a**2 - a + 16. What is the units digit of b(g)?
2
Suppose -3*w + 84 = 3*p, 6*w - w - 140 = 2*p. What is the units digit of w?
8
Let f = 46 - 26. What is the tens digit of f?
2
Let s be 8/(-32) + 139/(-4). Let o = 69 + s. What is the units digit of o?
4
Let j(m) = 52*m**2 - m - 1. What is the units digit of j(-1)?
2
Suppose 36 = 2*l + l. Suppose -h = 5*y - 16, -2*y - l = -2*h + 7*h. What is the units digit of y?
4
Suppose 0 = -2*n + r, 0*r + 8 = -4*r. Let b = 4 - n. What is the units digit of b?
5
Suppose 2*k - 240 = 72. What is the tens digit of k?
5
What is the tens digit of 0*2/(-6) + 31?
3
Suppose -w - 9 = -u - 2*w, -2*u = -4*w - 30. What is the tens digit of u?
1
Let c = -2 - 0. Let d be (c + 2)*1/(-2). Suppose -5*i - 4*o + 16 = d, 2*i - 8 - 1 = o. What is the units digit of i?
4
Let h = 10 + -8. Suppose a + 39 = h*a. What is the units digit of a?
9
Let w be 17/(4/(-4)*-1). Let q(v) = v**2 - 16*v + 11. What is the units digit of q(w)?
8
Let w(b) = 2*b - 32. What is the units digit of w(20)?
8
What is the units digit of (189/(-14))/(3/(-12))?
4
Suppose 0 = -b - 5*f - 22, -5*f - 4 = -4*f. Let d be b/3 - 14/(-3). Suppose -4 = -2*q + d. What is the units digit of q?
4
Let p(z) = 43*z**2 - z + 1. Let r be p(1). Let t = r - 21. Suppose -t - 4 = -2*g. What is the units digit of g?
3
Let z(l) = 1 + 5*l**3 - 4*l - 1 - 4*l**3 - l**2. What is the units digit of z(3)?
6
Let k(g) = -6*g**3 - 4*g**2 - 5*g - 4. Let t be k(-2). Suppose -3*q = 3*b - 48, -2*q + 2*b + t = 6. What is the units digit of q?
6
Let o(x) = -x + 9. Let a be o(5). Suppose -c + 20 = a*c. Suppose c*p - y = 4*y - 1, 0 = 5*p + 5*y - 55. What is the units digit of p?
6
What is the tens digit of 4/18 + (-124)/(-9)?
1
Suppose -2*b = 2*b - 8. Let k = 41 - 14. Suppose 6*n - k = -2*v + 3*n, -b*n = -3*v + 73. What is the tens digit of v?
2
Suppose -4*c = -9*c - 15. Let y be ((-10)/c)/((-1)/3). What is the units digit of (-2)/y + (-95)/(-25)?
4
Let b(w) = -2*w**3 - 10*w**2 - 6*w + 12. What is the units digit of b(-6)?
0
Suppose -4*t + 3*t = -5. Let p(c) = -c**3 + c**2 - c + 1. Let d be p(1). Suppose t*h = -d*v - 2*v + 43, 0 = -2*h - 4*v + 14. What is the units digit of h?
9
Let x(h) = 348*h. Let d be x(1). Suppose -261 = -2*z - z + 5*a, a = 4*z - d. Suppose 5*b + 22 = z. What is the tens digit of b?
1
Suppose -4*k = -8*k + 792. What is the tens digit of k?
9
Let x(g) = g**3 + 3*g**2 - 5*g - 2. Let o be -2 + (1 - (3 - 0)). What is the units digit of x(o)?
2
Let a = 2 + 3. Suppose -5*k = 14 - 39. Suppose g - 3 = k*i + 7, a*g = -3*i + 22. What is the units digit of g?
5
Suppose -5*t + 19 + 16 = 0. Let m(g) = g - 7. Let o be m(t). Suppose 3*x - 9 = 5*s, o = 3*s - 6 - 3. What is the units digit of x?
8
Let r be (12/(-8))/(6/(-20)). Suppose 2*z - 5 = r. What is the units digit of z?
5
Suppose 2*c = -j - 8, 2*c + 15 = -2*j - c. What is the units digit of 2 + 17 + 6 + j?
9
Suppose 2*g + 97 = -63. What is the units digit of 1/(-3) - g/6?
3
Let u = 26 + -5. What is the tens digit of u?
2
Let x(u) = 6*u - 2. What is the units digit of x(5)?
8
What is the units digit of (-1)/(-5) - (-509)/5?
2
Let b(x) = -x**3 + 3*x**2 + 6*x + 4. What is the units digit of b(4)?
2
Suppose 1028 - 388 = 8*j. What is the tens digit of j?
8
Let x = -13 - -113. What is the hundreds digit of x?
1
Let p(s) = -s - 3. Let u be p(-4). Suppose 0*a = -a + u. What is the units digit of a?
1
Let w(h) = -2*h - 7*h**2 + 3*h - 1 + 33*h**2 + 19*h**2. Let x be w(1). Suppose 5*b = -0*b + x. What is the units digit of b?
9
Let q(n) = n**3 - 3 + 6*n**2 + 2 - 9*n + 6. What is the tens digit of q(-7)?
1
Let c(b) = -b - 6. What is the units digit of c(-14)?
8
Suppose -47 = -2*u + 143. Suppose -47 = -2*y - 5*a, -3*y = 2*y + 5*a - u. What is the tens digit of y?
1
Suppose 3*t = 29 + 217. What is the tens digit of t?
8
Let g(o) = o - 7. Let x be g(7). Suppose -30 = -4*h + d - 0*d, 2*h - d - 14 = x. What is the units digit of h?
8
Let f(l) = -2*l + 1. Let s be f(2). Let z = 8 + -1. Let y = z + s. What is the units digit of y?
4
Let s = -37 - -65. What is the units digit of s?
8
Let j(f) = -4*f**3 - 3*f**2 + f + 4. What is the units digit of j(-3)?
2
Suppose -4*x = -c - 301, -3*c = -4*x + 2*c + 305. What is the units digit of x?
5
Suppose -2*h + 44 = -3*o - 0*o, 0 = -2*o + 5*h - 11. Let n = o + 28. What is the tens digit of n?
1
Let w = -10 + 16. What is the units digit of w?
6
Let c be 8/12*(-6)/4. What is the units digit of (-18)/(-2) + 0/c?
9
Suppose 5*k + 5 = 0, -c - 3*k - 4 = -1. Let s = c - -4. What is the units digit of s?
4
Let x(a) = -12*a + 1. Let y(k) = 11*k - 2. Let m(n) = -3*x(n) - 2*y(n). What is the tens digit of m(3)?
4
Let h(n) = n**3 - 7*n**2 - 7*n + 2. Let x = 39 - 26. Suppose 3*a - 4 = -5*j, -3*j - x - 23 = -3*a. What is the tens digit of h(a)?
1
Suppose -d - d - 2 = 0. Let a be (-10 - d)/(9/(-12)). What is the units digit of 87/5 + a/(-30)?
7
Suppose -5*m + t = -71, 0 = -0*m - 4*m + t + 57. Suppose 2*h - 54 = m. What is the tens digit of h?
3
Let t(n) = n**3 + 3*n**2 - 7*n + 1. What is the tens digit of t(4)?
8
Suppose -g - 57 = -201. What is the tens digit of g?
4
What is the tens digit of (-1)/2 + 1947/22?
8
Let p = -1067 + 551. What is the units digit of (2/(-3))/(8/p)?
3
Suppose -10 = 5*o - 85. Suppose 0 = b + 3*z - 19, 5*z - o = -3*b + 26. What is the units digit of b?
7
Let f(m) = 2 - 6 + m - 3*m - 3*m. What is the units digit of f(-2)?
6
Let g(x) = 2*x**2 - 4*x + 2. What is the tens digit of g(6)?
5
Let k = -144 - -272. What is the units digit of k?
8
Suppose 3*x = -4*x + 672. What is the units digit of x?
6
Let h(c) = 2*c + 17. What is the units digit of h(-7)?
3
Let i be 3/(-15) - 78/10. Let h = 7 + i. What is the tens digit of (26/4)/(h/(-2))?
1
Suppose 3*j = 28 + 29. What is the units digit of j?
9
Suppose 2*u - 7 + 1 = 2*c, -5*u + 19 = -3*c. Let r = 4 - c. Suppose w + 36 = 4*m, 0*m - 18 = -r*m + 4*w. What is the units digit of m?
9
Let i(m) = 6*m - 11. What is the units digit of i(3)?
7
Let j be 2*(-1 - (0 + 0)). Let p be (j - -3) + 1 - -1. Suppose -6*i = -p*i - 27. What is the units digit of i?
9
Let j(n) = 3*n**3 - n**2 - 3*n - 3. Let s be j(-2). What is the tens digit of -3 + 0 - s/1?
2
Let n be (6/(-8))/((-3)/12). Suppose -n*b - 3*s = -7*b + 63, b - 2*s - 22 = 0. What is the units digit of b?
2
Let s(h) = -h + 10. Let a be s(8). Let t = a + 0. Suppose t*f = 4*v + 6, 0 = 3*f + 4*v - 9. What is the units digit of f?
3
Suppose -4*a + 3*c = -459, -7*a + 3*a + 4*c + 460 = 0. What is the tens digit of a?
1
Suppose 23 = -2*t + 3*t. Let g = -34 + t. What is the units digit of 2*3/(-6) - g?
0
What is the units digit of 112/40 - 2/(-10)?
3
Suppose 17 = 2*i - 23. Suppose y + i = 2*y. What is the units digit of y?
0
Suppose 0*j - j + 3*z = -6, j - 2*z = 3. Let u = -1 - j. Suppose u*p + 2*c + 8 = 4*p, 5*c + 10 = 0. What is the units digit of p?
2
Suppose -4*o + r - 17 = 0, -3*o + 3*r = 2 + 13. Suppose -4*v = -v - 63. Let l = v + o. What is